2 - (-1 - (c - -3)).
3, 5
Let b = 6 - 15. Let o(f) = f**2 + 7*f + 5. List the prime factors of o(b).
23
Let p(h) = h**2. Let m be p(0). Suppose m = -9*c + 4*c + 25. Suppose -c*u + 7 + 3 = 0. What are the prime factors of u?
2
Let g(n) = -38*n - 1. What are the prime factors of g(-7)?
5, 53
Suppose 4*h = 11 - 3. Suppose -4*s = -2*d + 12, 0*d - s = -h*d + 12. Suppose 3*v = -5*k + 25, v = d*v + k - 49. List the prime factors of v.
2, 5
Let w = 115 + -4. What are the prime factors of w?
3, 37
Let m = -39 - -113. Let j = -36 + m. List the prime factors of j.
2, 19
Let h(f) = f**3 + 4*f**2 - 2*f - 6. Let i be h(-4). Suppose a + 2*k - 23 = 0, 0 = i*a + k - 0*k - 31. What are the prime factors of a?
13
Suppose -456 = -16*v + 12*v. List the prime factors of v.
2, 3, 19
Let k = 80 + 9. What are the prime factors of k?
89
Let s = -3 - -3. Suppose 0 = 4*z - 11 - 1, s = 4*t - 4*z - 24. List the prime factors of t.
3
Suppose 0 = 3*c - 56 - 46. What are the prime factors of c?
2, 17
Suppose 0 = 2*o - 21 - 11. Suppose 2 + o = j. List the prime factors of j.
2, 3
Let i = -1 + 3. Suppose -18 = y - 6*y + 4*r, 6 = 4*y + r. Suppose -y*f + 63 = 5*m, m + 3*f - 45 = -i*m. What are the prime factors of m?
11
Let c be (-2)/((-5)/((-370)/(-4))). Let r = 62 - c. What are the prime factors of r?
5
Suppose -4*c - 8 = -0*c. Let k = -4 + -6. Let o = c - k. What are the prime factors of o?
2
Let c(l) = 2 - 5 + 0 + 2*l + 2. List the prime factors of c(8).
3, 5
Let p be (1 + -1)/(4*-1). Suppose p = s - 4, s + 2*s = 4*l - 4. What are the prime factors of l?
2
Let t = 7 + -3. Let b(o) = -o**3 + 7*o**2 + 2*o + 5. Let a be b(6). Suppose -3*p - 3*g + a = p, t*g + 10 = 2*p. What are the prime factors of p?
11
Let l = 7 - -13. List the prime factors of l.
2, 5
Let g(j) = -j - 10. Let v be g(-7). Let r(t) = -t**2 - 3*t + 2. What are the prime factors of r(v)?
2
Let b be -1 + -2 + 2 + -3. Let d = -8 - -14. Let r = d + b. List the prime factors of r.
2
What are the prime factors of -1 - (2 + -3)*(-1312)/(-4)?
3, 109
Let n = -69 + 180. List the prime factors of n.
3, 37
Let c = -357 - -514. List the prime factors of c.
157
Let j(r) = 4*r**2 + 1. Let d be j(-1). Let i be 1/((-2)/(-8)) - 1. Suppose -3*n = 2*g - 3*g + d, 0 = -2*g + i*n + 13. List the prime factors of g.
2
Let b = 13 + -10. Suppose d + 4 = 2*c, -b*d - 2*c = 2*c - 38. List the prime factors of d.
2, 3
Let u = 169 + -109. What are the prime factors of u?
2, 3, 5
Let b(f) = f. Let a be b(-2). Let s = -4 - a. Let j = s + 5. What are the prime factors of j?
3
Suppose 5*d - 18 = -i, -5*i + 2*d - 5*d = -2. Let o = i + 12. Let f = o + -1. What are the prime factors of f?
3
Suppose -2*c - 4*t + 92 = 0, 4*c + 2*t = -0*c + 190. List the prime factors of c.
2, 3
Suppose d = -4 + 2, 19 = w + 2*d. List the prime factors of w.
23
Let t(u) be the second derivative of u**4/4 + u**3/3 + u**2/2 + 2*u. List the prime factors of t(-3).
2, 11
Suppose -6*c + 11*c - 675 = 0. List the prime factors of c.
3, 5
Let a(r) = r**2 + 1. Let m be a(0). List the prime factors of m + (-36)/(-2) + -2.
17
Let i = 34 + 102. List the prime factors of i.
2, 17
List the prime factors of -1*1/((-2)/46).
23
Let o = -8 - -3. Let x = o + 10. List the prime factors of x.
5
Let w(b) be the second derivative of -b**4/12 - 3*b**3/2 - 2*b**2 + b. Let a be (-78)/15 + (-8)/10. What are the prime factors of w(a)?
2, 7
Let v(q) = 1. Let p(k) = -3*k**2 + k - 2. Suppose -2*z + 5 = -z - 3*b, -4*z = 2*b + 8. Let j(w) = z*p(w) - 4*v(w). List the prime factors of j(2).
2
Suppose -15*h = -13*h - 54. List the prime factors of h.
3
Let f(t) = t - 6. Let q be f(11). Suppose 2*d - 21 = 81. Suppose 3*y - 10 - d = 5*o, -q*y + 80 = -4*o. What are the prime factors of y?
2, 3
Suppose 26 = x + 2*x + w, x = 3*w + 22. List the prime factors of 1701/45 - (-2)/x.
2, 19
Suppose -14 = -3*o - 2. Suppose o*s = y + 61, s = -3*y - 21 + 46. What are the prime factors of s?
2
Let w(t) = t**3 - 4*t**2 + 4*t - 3. Suppose -4 - 5 = -3*g. Let j be w(g). Suppose -2*b = 4*v - 30, -v - 5*b + 24 - 3 = j. List the prime factors of v.
2, 3
Suppose 2*m = 3*m - 21. Suppose o = y - 13, m = -2*y - 3*o + 62. List the prime factors of y.
2
Suppose -k = -4*r - 25, -4*k = -k + 2*r - 89. List the prime factors of k.
29
Suppose 0 = 4*h - 5*h + 6. List the prime factors of h.
2, 3
Suppose 8*n = 3*n + 195. Let o = n - 24. List the prime factors of o.
3, 5
Let s = 4 - 7. Let t be (-9)/(-6)*-2 + s. What are the prime factors of (-10)/t*(-1 - -4)?
5
Suppose -l + 2*s - 14 = -2*s, -5*l + 5*s + 5 = 0. What are the prime factors of 19/7 + l/21?
3
Suppose 3*z = -3*r - 3, 4*r + 31 = 5*z - 18. Let t be (-2)/r + (-23)/(-3). What are the prime factors of t/12 - (-74)/6?
13
Suppose -3*g + 6*g = 0. Let j be g - (2 - 1 - -18). Let m = j + 27. What are the prime factors of m?
2
Let i = -15 + 3. Let r = -35 + 53. Let n = i + r. List the prime factors of n.
2, 3
Let w(a) = -3*a + 36. What are the prime factors of w(-18)?
2, 3, 5
Suppose -10 = -2*r + 4*k, -r + k = 3*k - 13. What are the prime factors of r?
3
Suppose -2 = -2*g - 4. Let v be g/(-2)*-2*13. Let y = v - -22. List the prime factors of y.
3
Let l be 1 + -1 + 0 + -8. Let g = 28 + l. What are the prime factors of g?
2, 5
Let k = 213 + -140. What are the prime factors of k?
73
Let j be ((-9)/2)/((-7)/14). Suppose 0 = j*l - 7*l - 78. List the prime factors of l.
3, 13
Let o(r) = -48*r + 14. What are the prime factors of o(-2)?
2, 5, 11
Suppose -s + 0*t + 4*t + 13 = 0, s + t = -12. Let u(x) = x + 0*x - 2*x + 5. What are the prime factors of u(s)?
2, 3
Let h = 463 - 247. What are the prime factors of h?
2, 3
List the prime factors of (0 - 6/(-9))*39.
2, 13
Suppose -2*h = h - 2*s + 4, -4*h + s - 2 = 0. Suppose -5*z + 8 = -3*z. Suppose h = -2*j + 3*v + 16 + 9, -2*v + 42 = z*j. What are the prime factors of j?
11
Suppose 2*x - 2 + 24 = 0. Suppose 0 = 21*k - 24*k + 72. Let b = x + k. List the prime factors of b.
13
Let g(p) = p**3 + 7*p**2 + 4. Let h be g(-7). What are the prime factors of 105/6 - h/8?
17
Let k(w) = w**3 + 2*w**2 - w. Let z be k(-2). Suppose 3 = 3*p + 5*c - 33, 0 = -z*c. What are the prime factors of p?
2, 3
Let d(h) = 2*h - 4. Let b be d(8). Suppose -v + b = 3*v. Suppose -3*x + v*z - 4 = -34, 0 = -5*x - z + 62. What are the prime factors of x?
2, 3
Let t(a) = -a**3 - 5*a**2 - 5*a + 2. Suppose -3*j - 12 = -0*j. List the prime factors of t(j).
2, 3
What are the prime factors of (2/(-5) - (-3)/(-30))*-78?
3, 13
Let x be 0*3/6 + 0. Suppose x = 4*r - r - 27. List the prime factors of r.
3
Suppose -p - 5*b + 21 + 10 = 0, -4*b + 82 = 3*p. List the prime factors of p.
2, 13
Let z be -4 + 6 - 8/(-1). Let p = z - 4. Suppose 2*d = 6*d + 3*v - 52, 0 = d - 4*v + p. List the prime factors of d.
2, 5
Let z = 42 + -22. Suppose 0 = -2*u + 4*w - 10, -2*u + z = w + w. Let r = 9 - u. What are the prime factors of r?
2
Suppose -3*p - 269 = -5*l, 3*l - 83 - 61 = -4*p. List the prime factors of l.
2, 13
Let v(g) = g**3 - 20*g**2 + 6*g - 22. List the prime factors of v(20).
2, 7
Suppose -j + 1 = -2. Suppose 2*h + 9 = j*h. List the prime factors of h.
3
Let l = -3 + 8. Suppose 4*s - 3*z = -60, 11 = -4*z - l. List the prime factors of s/45 - (-77)/5.
3, 5
Let l(y) = 2*y**2 + 2. Let a be l(3). Let u = -2 + a. Suppose 0 = 2*b + b - u. List the prime factors of b.
2, 3
Let g(h) = h + 3. Let d be g(-6). Let q(i) = i**2 + 3*i. Let a be q(d). Suppose -v + 8 + 2 = a. What are the prime factors of v?
2, 5
Let v be 26/5 + 2/(-10). Suppose v - 29 = -4*z. List the prime factors of z.
2, 3
Let d = 33 + -20. What are the prime factors of d?
13
Suppose 4 = -c - 1. Let g(a) = -4*a + 6. Let v(r) = -2*r + 3. Let p(h) = 3*g(h) - 5*v(h). List the prime factors of p(c).
13
Let q be (10 + 0)*(-6)/(-6). Suppose 2*t - 59 + 19 = 0. Let h = t - q. List the prime factors of h.
2, 5
Let q(u) = u**2 - 10*u + 7. Let x(a) = -4 + 3 + a + 1 + 3. Let b be x(7). List the prime factors of q(b).
7
Let h = 8 - 19. Let j(d) = -d**2 - 13*d - 12. List the prime factors of j(h).
2, 5
Let k(d) = -d - 10. Let u be k(-10). What are the prime factors of 6/2 + 23 + u?
2, 13
Suppose 4*l - 3*b - 356 = 0, -l = -3*l + 5*b + 178. Suppose 3*i - 12 = 0, m - 6*m - i = -l. What are the prime factors of m?
17
Let x be 56/2*(-2 + 0). List the prime factors